In base 10, what is 29 + 98?
127
In base 4, what is 0 + -12?
-12
In base 15, what is -5 - 200?
-205
In base 10, what is -80 + -2?
-82
In base 9, what is -1 - 64?
-65
In base 3, what is -2 - 2210200?
-2210202
In base 12, what is 12 + -1?
11
In base 15, what is 5 + -3c?
-37
In base 9, what is -3 - -362?
358
In base 3, what is 10 - -20?
100
In base 4, what is 11232 - 22?
11210
In base 3, what is 2112120 + -1?
2112112
In base 5, what is -2 + -1113?
-1120
In base 4, what is 11 - 1330?
-1313
In base 7, what is -10330 + 0?
-10330
In base 16, what is -5 - 8b?
-90
In base 13, what is 28 - 199?
-171
In base 15, what is -1 - -41?
40
In base 12, what is 5014 - -1?
5015
In base 15, what is -2 - 571?
-573
In base 8, what is 47 + -4?
43
In base 12, what is -5 - -146?
141
In base 2, what is -1111 + -101000111?
-101010110
In base 15, what is -193 + -5?
-198
In base 7, what is 2 + -3401?
-3366
In base 11, what is -5 + 61?
57
In base 5, what is -4 - -4?
0
In base 5, what is 2034342 + -4?
2034333
In base 3, what is -12 - 1011010?
-1011022
In base 16, what is 2eb + -3?
2e8
In base 15, what is -15 + 31?
1b
In base 9, what is 3 + -242?
-238
In base 10, what is 5 - -226?
231
In base 14, what is 1c13 + -3?
1c10
In base 8, what is -6 + 2375?
2367
In base 16, what is 6 + 92c?
932
In base 16, what is ca6 - -1?
ca7
In base 12, what is 57 + -1?
56
In base 11, what is 5 - 210?
-206
In base 8, what is 1262 + 3?
1265
In base 11, what is -4 - -28?
24
In base 12, what is -3 + -3700?
-3703
In base 7, what is 150 + 5?
155
In base 12, what is -4 + 48?
44
In base 16, what is -9 - -1fa?
1f1
In base 3, what is -1 - 20001?
-20002
In base 4, what is 12 + 21321?
21333
In base 12, what is -5b + 20?
-3b
In base 4, what is -110102 - -1?
-110101
In base 4, what is -2 - 130?
-132
In base 8, what is -12 - 24?
-36
In base 14, what is 4 + -454?
-450
In base 15, what is 1 + -37?
-36
In base 13, what is 5 + 279?
281
In base 9, what is -57 - -2?
-55
In base 8, what is -4222 + -5?
-4227
In base 7, what is -14 + 5405?
5361
In base 10, what is -8043 - -5?
-8038
In base 4, what is -21 - -101?
20
In base 6, what is -13102 - -2?
-13100
In base 7, what is -1 + -133?
-134
In base 8, what is 2057 + 1?
2060
In base 13, what is 1510 + 1?
1511
In base 9, what is 21 - -220?
241
In base 4, what is 130 - 1?
123
In base 6, what is 2 + 11?
13
In base 10, what is -81 + -94?
-175
In base 11, what is -2968 - 5?
-2972
In base 5, what is -30 + 4302?
4222
In base 12, what is 1 + -bb?
-ba
In base 16, what is 0 + a?
a
In base 13, what is -16a1 - 3?
-16a4
In base 9, what is -25 - 0?
-25
In base 7, what is -5 - 5616?
-5624
In base 15, what is -4 + 16?
12
In base 2, what is 10100 + 101011001?
101101101
In base 13, what is 57 + -19?
3b
In base 12, what is -3 + a8?
a5
In base 4, what is 13 + -2102?
-2023
In base 2, what is -11 - -101111010?
101110111
In base 16, what is 26 - -4?
2a
In base 9, what is -50 + -140?
-200
In base 2, what is -100 + -1000111101?
-1001000001
In base 2, what is -1010000110 + 10?
-1010000100
In base 6, what is 305 + 5?
314
In base 8, what is -33 + 4?
-27
In base 13, what is 8 - -14b?
156
In base 11, what is 1 + -208?
-207
In base 10, what is -1 + 2337?
2336
In base 7, what is -5 + 143?
135
In base 11, what is 107 - 2?
105
In base 11, what is -1 - -1724?
1723
In base 11, what is 5 - 95?
-90
In base 3, what is -1 + 211022?
211021
In base 3, what is 12121221 + 1?
12121222
In base 9, what is 678 - 0?
678
In base 5, what is 0 + 2411?
2411
In base 13, what is -2 + -1b?
-20
In base 14, what is -313 + -2?
-315
In base 2, what is 10101011 + 100000?
11001011
In base 10, what is -2 + 18?
16
In base 16, what is 64 - 28?
3c
In base 7, what is -2 + 513?
511
In base 5, what is 123431 + 1?
123432
In base 9, what is 57 - 17?
40
In base 16, what is 2 - -237b?
237d
In base 6, what is -5 + -12131?
-12140
In base 9, what is 2 - 500?
-487
In base 8, what is 3 - -76?
101
In base 11, what is 7 - -58?
64
In base 12, what is 3 + -1150?
-1149
In base 16, what is 0 - 5d?
-5d
In base 8, what is 13 + 2034?
2047
In base 16, what is 1 + 10d?
10e
In base 5, what is 0 + -243?
-243
In base 9, what is -14103 + 4?
-14088
In base 2, what is -100010101 + -111?
-100011100
In base 6, what is -40 + -154?
-234
In base 13, what is -1c0 - -8?
-1b5
In base 13, what is -5 + -38?
-40
In base 5, what is -312 + -14?
-331
In base 4, what is 322223 - 1?
322222
In base 8, what is -2 + 43?
41
In base 13, what is -1 + 277?
276
In base 3, what is -1102 - 20?
-1122
In base 6, what is -1 - 153?
-154
In base 2, what is -11111010001 + -10?
-11111010011
In base 2, what is -1001 + -10011001100?
-10011010101
In base 4, what is 0 + -322?
-322
In base 8, what is -156 + 3?
-153
In base 11, what is 17 - 2?
15
In base 15, what is 4a6 + 1?
4a7
In base 3, what is 1000 - 1?
222
In base 6, what is 1 - -51440?
51441
In base 15, what is 172 + 1d?
190
In base 14, what is -1 - 17?
-18
In base 14, what is -bb - -2?
-b9
In base 9, what is -18 + -774?
-803
In base 7, what is 10432 - -4?
10436
In base 14, what is 1 + -10b?
-10a
In base 11, what is 0 + 329?
329
In base 8, what is -3 - -7042?
7037
In base 8, what is -5 - 235?
-242
In base 15, what is -5 - 11?
-16
In base 8, what is 1 - -354?
355
In base 11, what is 11 + -691?
-680
In base 14, what is -100 + -4?
-104
In base 14, what is -27 + -18?
-41
In base 4, what is 3 + -103?
-100
In base 13, what is 5 - 369?
-364
In base 12, what is 3 - a2?
-9b
In base 12, what is -186b + -4?
-1873
In base 12, what is 3 + -95?
-92
In base 8, what is 21 + 43?
64
In base 16, what is d + 3f?
4c
In base 6, what is -102 + -10?
-112
In base 2, what is -1000000010101011 + 0?
-1000000010101011
In base 3, what is 12 + 20121?
20210
In base 4, what is 1130 + -1?
1123
In base 14, what is 7 + 30?
37
In base 14, what is 4 + d?
13
In base 5, what is 143 + 3?
201
In base 3, what is 2 - -200222?
201001
In base 8, what is 2714 + 4?
2720
In base 2, what is 110 + 1010101?
1011011
In base 8, what is -1065 + 1?
-1064
In base 9, what is -3 + 5851?
5847
In base 14, what is 12 + -103?
-d1
In base 13, what is 1 + -45?
-44
In base 3, what is -2 + -110?
-112
In base 12, what is 1901 + -3?
18ba
In base 10, what is 170 - 5?
165
In base 9, what is -140 - -3?
-136
In base 10, what is 66 + 2?
68
In base 5, what is 3 + 122020?
122023
In base 9, what is 5 + 1071?
1076
In base 6, what is -210 + -10?
-220
In base 16, what is -2d - b?
-38
In base 14, what is -3 + -400?
-403
In base 15, what is 376 + 2?
378
In base 4, what is 3 - 30311?
-30302
In base 5, what is 3 - 4340?
-4332
In base 7, what is -216 - 61?
-310
In base 15, what is 1 - 3e5?
-3e4
In base 14, what is 8 - -1a9?
1b3
In base 16, what is 8a + 5?
8f
In base 7, what is -314 - 40?
-354
In base 12, what is -8 - -22?
16
In base 11, what is 4 + 32?
36
In base 10, what is -4623 + -1?
-4624
In base 4, what is 3220 + -21?
3133
In base 2, what is -11 + 111111?
111100
In base 8, what is -2 - 1612?
-1614
In base 7, what is 251 + 5?
256
In base 6, what is 3 + -2?
1
In base 16, what is -3 + 65?
62
In base 7, what is -226 + -3?
-232
In base 5, what is -24133 + 14?
-24114
In base 14, what is 2 + 4b?
4d
In base 8, what is -16 - -23?
5
In base 7, what is 1 - 44?
-43
In base 8, what is 11056 - -1?
11057
In base 3, what is -12 + -2111212?
-2112001
In base 9, what is 0 - 1?
-1
In base 5, what is -10 - -1240?
1230
In base 16, what is e + b3?
c1
In base 6, what is -4 - -1100?
1052
In base 2, what is -1111 - -11011010?
11001011
In base 14, what is 8 + -10?
-6
In base 9, what is -216 + -5?
-222
In base 7, what is -2626 - 1?
-2630
In base 16, what is 1d4 + -9?
1cb
In base 15, what is 3 + -ce?
-cb
In base 4, what is 23301 - 100?
23201
In base 14, what is -2a + 8c?
62
In base 5, what is -2 + 1100?
1043
In base 3, what is 11 + -200?
-112
In base 8, what is -2 - -555?
553
In base 14, what is 250 - -1?
251
In base 13, what is 12 + 3?
15
In base 16, what is 4 + -81?
-7d
In base 8, what is 13167 + -5?
13162
In base 16, what is -73 - -e?
-65
In base 11, what is 17 - 4?
13
In base 9, what is -35 + -35?
-71
In base 5, what is -1104 - 2?
-1111
In base 2, what is 11 + -111101000011?
-111101000000
In base 3, what is 1112 + -1112?
0
In base 5, what is 13 - -42?
110
In base 6, what is 14 + -21?
-3
In base 7, what is 105 + -31?
44
In base 7, what is -1 - 3133?